hat is 4 + 539?
540
In base 9, what is -1 + 77?
76
In base 3, what is -1210120 - -10?
-1210110
In base 2, what is 100100 + 111101?
1100001
In base 13, what is 10b9 + -2?
10b7
In base 3, what is 1000200112 - -12?
1000200201
In base 14, what is 5a5c + 3?
5a61
In base 16, what is -14 - b4?
-c8
In base 9, what is -10243 - 5?
-10248
In base 12, what is -171 - -4?
-169
In base 7, what is -3415 - -12?
-3403
In base 13, what is 4 - aba?
-ab6
In base 15, what is 14 - -3?
17
In base 2, what is 110001101 + -1?
110001100
In base 11, what is 9822 + 2?
9824
In base 3, what is 111211 - -20?
112001
In base 3, what is -21211 + -21?
-22002
In base 13, what is 8a0 + 0?
8a0
In base 6, what is -5 + 134?
125
In base 10, what is 7 - 37?
-30
In base 6, what is 0 - 33?
-33
In base 7, what is -10 - 523?
-533
In base 7, what is -1 - 31103?
-31104
In base 10, what is 14236 + 5?
14241
In base 10, what is -4 - -7240?
7236
In base 7, what is 3 + 623?
626
In base 14, what is 4 + 719?
71d
In base 14, what is -37 - 6?
-3d
In base 16, what is -534 - 1?
-535
In base 5, what is 20 + 2440?
3010
In base 10, what is 11 + -24?
-13
In base 3, what is -10 + -200?
-210
In base 5, what is -1 - 4124?
-4130
In base 8, what is -4 + 361?
355
In base 2, what is -10011011 - -1?
-10011010
In base 10, what is 33 - 10?
23
In base 12, what is -2317 + 1?
-2316
In base 13, what is -553b + 4?
-5537
In base 12, what is -10 + 34?
24
In base 7, what is -25520 - 1?
-25521
In base 12, what is -10a + -5?
-113
In base 4, what is 130323 - -11?
131000
In base 11, what is -1 + 0?
-1
In base 15, what is 1 + 13?
14
In base 16, what is -1 - -2d?
2c
In base 3, what is 0 + 10002?
10002
In base 10, what is 9 - -98?
107
In base 2, what is 1000 + -100110000?
-100101000
In base 16, what is -1 + 12?
11
In base 7, what is 1 - -104?
105
In base 13, what is 128 + -3?
125
In base 9, what is -2566 - 1?
-2567
In base 12, what is -445 - 7?
-450
In base 9, what is -3 - 45?
-48
In base 12, what is -1 - a01?
-a02
In base 7, what is -1 - 34?
-35
In base 7, what is -110 - -1?
-106
In base 10, what is -5 + 116?
111
In base 3, what is -2111020 + 2?
-2111011
In base 6, what is -4 - 2230?
-2234
In base 8, what is -6 - -53?
45
In base 13, what is -a6 - -5?
-a1
In base 5, what is 31311 + 3?
31314
In base 8, what is 0 - 135?
-135
In base 10, what is 222 + -1?
221
In base 14, what is d8 + 28?
122
In base 12, what is 12390 - -3?
12393
In base 9, what is 58 - -6?
65
In base 3, what is -11111 + 12?
-11022
In base 4, what is -300 + 11?
-223
In base 6, what is 2 + 30?
32
In base 13, what is -1c0 + 2?
-1bb
In base 8, what is -2450 - 5?
-2455
In base 10, what is 270 - -3?
273
In base 12, what is 77 - 5?
72
In base 10, what is 5 + 776?
781
In base 3, what is -1 + 21220?
21212
In base 3, what is -11 - -1020222?
1020211
In base 6, what is 0 + -3424?
-3424
In base 7, what is 1 + -2566?
-2565
In base 15, what is -1 + 82?
81
In base 10, what is -2 + 49?
47
In base 11, what is 133 - -1?
134
In base 10, what is 836 + -5?
831
In base 12, what is -1 + 63?
62
In base 4, what is -100303 - -10?
-100233
In base 16, what is -1a4 + -6?
-1aa
In base 7, what is -2 + 62?
60
In base 7, what is -41 + -140?
-211
In base 3, what is 12 + -112102?
-112020
In base 2, what is 101010111 - 100?
101010011
In base 14, what is 3 + -1bb?
-1b8
In base 9, what is 133 - -161?
304
In base 3, what is -2 + -111?
-120
In base 8, what is 7 - 24?
-15
In base 7, what is 16626 - 0?
16626
In base 14, what is 351 + -a?
345
In base 15, what is 384b + 1?
384c
In base 2, what is 11 - 11111011?
-11111000
In base 14, what is -6086 - -5?
-6081
In base 2, what is 1010 + -10111?
-1101
In base 9, what is 1 - -2731?
2732
In base 6, what is 1 - 13122?
-13121
In base 9, what is -1 - 831?
-832
In base 16, what is 6a - 1c5?
-15b
In base 11, what is 1 + 387?
388
In base 12, what is -1 + 1b?
1a
In base 10, what is 577 + 4?
581
In base 10, what is -33 + 2?
-31
In base 15, what is -1d - 64?
-82
In base 15, what is c65 + 0?
c65
In base 16, what is -2 - 743?
-745
In base 7, what is -1 + -130?
-131
In base 6, what is -1310 - -140?
-1130
In base 8, what is -10107 - 3?
-10112
In base 14, what is -a5 - 37?
-dc
In base 10, what is -1 - -227?
226
In base 13, what is -2 - -79b?
799
In base 16, what is -33 - 3?
-36
In base 13, what is 90 - 3?
8a
In base 7, what is 1451 - 3?
1445
In base 12, what is 0 - -1164?
1164
In base 4, what is 2 - -101?
103
In base 7, what is -1455 - 5?
-1463
In base 14, what is 42 - -6?
48
In base 3, what is 1011 - -12?
1100
In base 4, what is -1333 + -10?
-2003
In base 10, what is 4 - -2?
6
In base 14, what is -5 - a98?
-a9d
In base 7, what is 6 - -2504?
2513
In base 7, what is -1 + 35264?
35263
In base 15, what is -27 + 3?
-24
In base 9, what is -23 + 418?
385
In base 15, what is 7023 - -5?
7028
In base 10, what is 35 + -13?
22
In base 6, what is -4 + 515?
511
In base 15, what is 5 - -2374?
2379
In base 2, what is 1010 + 1010110111?
1011000001
In base 15, what is 2 + -2310?
-230d
In base 5, what is 21 + 303?
324
In base 6, what is 15 + -33?
-14
In base 13, what is -3 + 503?
500
In base 2, what is 10000100111100 + -10?
10000100111010
In base 2, what is -10100111 - 101?
-10101100
In base 12, what is -13 + 8?
-7
In base 7, what is 630 - -2?
632
In base 16, what is 10 + -25c?
-24c
In base 14, what is -746 + 4?
-742
In base 12, what is a450 + 1?
a451
In base 11, what is 1562 - -4?
1566
In base 11, what is 1 + 273?
274
In base 12, what is -109 + 9?
-100
In base 5, what is 141 - -12?
203
In base 4, what is 1321 + -20?
1301
In base 15, what is 4d - 88?
-3a
In base 7, what is 103 - -5?
111
In base 3, what is -102 - 1100?
-1202
In base 6, what is -1 + 343?
342
In base 4, what is 1001 + -22?
313
In base 11, what is 1 + -983?
-982
In base 14, what is -26 + 24?
-2
In base 11, what is -4 + 39?
35
In base 6, what is -2 + 5310?
5304
In base 5, what is -10 - 1421?
-1431
In base 16, what is af - 4?
ab
In base 10, what is 1 - -2609?
2610
In base 15, what is 1 - -1ea?
1eb
In base 5, what is 3 - -342?
400
In base 7, what is 1651 + 1?
1652
In base 2, what is 101 - 1110011?
-1101110
In base 10, what is -217 - 17?
-234
In base 4, what is 0 - 103?
-103
In base 5, what is 4 - 1001?
-442
In base 3, what is 112102 + -10?
112022
In base 4, what is 0 + -111021?
-111021
In base 8, what is 3 - -2243?
2246
In base 11, what is 3 - 1582?
-157a
In base 13, what is 1b6 - 1c?
197
In base 16, what is 2f8 + 8?
300
In base 12, what is -2b - -8b?
60
In base 9, what is 1010 - 5?
1004
In base 16, what is 798 - -3?
79b
In base 15, what is -3 - 166?
-169
In base 4, what is -2 + 2300?
2232
In base 5, what is -10 + -201?
-211
In base 7, what is -1 - -145?
144
In base 5, what is 2 + -12430?
-12423
In base 9, what is 143 - 37?
105
In base 16, what is 5 + 46a?
46f
In base 3, what is 100 + -1112110?
-1112010
In base 14, what is -34 - -15?
-1d
In base 15, what is -ee + -8?
-107
In base 9, what is -25 + 1?
-24
In base 9, what is 411 - -10?
421
In base 12, what is 244 - -3?
247
In base 2, what is 100 - 11010101?
-11010001
In base 2, what is -100 - 111101?
-1000001
In base 7, what is 6 - 0?
6
In base 6, what is -15 + 1135?
1120
In base 11, what is 4 + -13?
-a
In base 4, what is 32030 + -10?
32020
In base 5, what is 1334 + -23?
1311
In base 9, what is 16027 - 2?
16025
In base 11, what is -3 - -736?
733
In base 12, what is -5 - -12b?
126
In base 16, what is -4 + 7ac?
7a8
In base 16, what is -b + -5?
-10
In base 5, what is -10 - 10432?
-10442
In base 7, what is 12 + -31?
-16
In base 8, what is -170 - 106?
-276
In base 13, what is -3 - 30?
-33
In base 6, what is -2151 - -2?
-2145
In base 9, what is 62 - 42?
20
In base 4, what is -120 + -13110?
-13230
In base 15, what is 648 - 5?
643
In base 3, what is 1 + -2122?
-2121
In base 6, what is 1 + 1140?
1141
In base 6, what is 3 + 22?
25
In base 4, what is -11 + 11233?
11222
In base 14, what is -5a - -5d?
3
In base 16, what is -10d + -2?
-10f
In base 16, what is -1af + 10?
-19f
In base 9, what is -12 - 43?
-55
In base 2, what is 10 - 101101111101?
-101101111011
In base 7, what is 1 + 103?
104
In base 4, what is 1 + 32320?
32321
In base 14, what is b9 - 15?
a4
In base 3, what is -1122 - -112?
-1010
In base 2, what is 0 - -1000?
1000
In base 8, what is 37 - -4?
43
In base 5, what is -3 - -4100?
4042
In bas